
Let u(f) = f**3 + 6*f**2 - 8*f + 3. Let y be u(-7). List the prime factors of -5*(1 - 18/y).
2
List the prime factors of (-9 + 8)/(1/(-3)).
3
Let s(b) = -6 - 2*b**2 + 4 + 3*b**3 + 1. Let v be s(2). Suppose 4*h - v = -4*x - h, 4*x - h - 21 = 0. What are the prime factors of x?
5
Let c = 9 + 12. List the prime factors of c.
3, 7
Let b = 170 + -117. What are the prime factors of b?
53
Let d(w) = -w**3 - 11*w**2 - 11*w - 2. Let v be d(-10). Let n = 15 - v. What are the prime factors of n?
7
Suppose -3*u - 215 = -8*u. List the prime factors of u.
43
What are the prime factors of -2 + (-27)/(-15) + (-1863)/(-15)?
2, 31
Suppose 0 = -f + 110 + 59. Suppose 4*q = 15 + f. Suppose 4*d = -2*s + 36, -3*s - 4*d + q - 2 = 0. What are the prime factors of s?
2
Let p be 3/(9/(-6)) + -6. Let g = p + 12. Suppose g*l = -k + 2*l, 2*k - 32 = 4*l. What are the prime factors of k?
2
Let r(w) = w**3 + 27*w**2 - 12*w + 56. List the prime factors of r(-27).
2, 5, 19
Let x = -28 + 13. Let q be 5/(x/(-6)) + 1. Suppose q - 9 = -2*c. List the prime factors of c.
3
Suppose -10*o + 796 = -214. List the prime factors of o.
101
Suppose 5*r + 0*n = -2*n + 10, -3*r - 15 = -3*n. Suppose -k = -2*v - 2*k + 20, r = 5*v + 5*k - 50. List the prime factors of v.
2, 5
Suppose 18*p = 2936 - 380. List the prime factors of p.
2, 71
Let v = 9 + -10. What are the prime factors of 1*(13 + 2 - v)?
2
Suppose 3*z = -3, 5*p + 2*z + 1 = 14. Let t be ((-3)/p + 3)/(-2). List the prime factors of t - (-11 + (-4 - -2)).
2, 3
Let p(l) = l + 5. Let a be p(-3). What are the prime factors of (a/(-3))/((-2)/57)?
19
Let o = -13 + 18. Suppose -2*t + 70 = 5*c - 7*t, o*c - 78 = t. What are the prime factors of c?
2
Let z(x) = -50*x - 1. Let p(s) = -25*s. Let v(h) = -5*p(h) + 2*z(h). List the prime factors of v(1).
23
Suppose -414 = -4*l - 2*l. What are the prime factors of l?
3, 23
Let i(u) = 5*u**2 + 5*u. Let v(b) = 4*b**2 + 4*b - 1. Let h(t) = -3*i(t) + 4*v(t). What are the prime factors of h(3)?
2
Let z = 3 + 1. Let s(u) = -z*u + 3*u - 7 + 2. List the prime factors of s(-7).
2
Let q(z) = -z**3 - 3*z**2 - z - 5. Let k be q(-4). Let i = 15 + k. What are the prime factors of i?
2, 3, 5
Suppose 0 = 2*b - 7 + 1, -g + 4*b = -151. What are the prime factors of g?
163
Let l(y) = 2*y**2 + 2*y + 6. Let p be l(-4). Suppose -26 = -4*n + p. What are the prime factors of n?
2, 7
Let q(k) = 4*k**3 + 8*k - 10*k**2 - 3*k**3 - 8 + 3*k**2. Let a be q(6). Suppose a*r - 9 + 1 = 0. List the prime factors of r.
2
Suppose 4*p + 163 = s, -4*p + 3*s - 65 = 96. Let a = -16 - p. Suppose 3*q + h = 23, h = 3*q - 0*h - a. List the prime factors of q.
2
Suppose 4*k = 37 + 51. Let u = k - 15. What are the prime factors of u?
7
Let s = -7 + 10. Suppose 4*a = 2*x + 16, 3*x - a = -6 - s. What are the prime factors of (4 - 2) + x/(-2)?
3
Let v(b) = -b - 1. Let t be v(-3). Suppose -5*p + t*p = 3. List the prime factors of 10/4*(1 - p).
5
What are the prime factors of (-85)/(-10) - (-1)/(-2)?
2
Let q(y) = -y**2 - 12*y + 1. List the prime factors of q(-6).
37
Let s(x) be the second derivative of -x**6/144 - x**5/30 - x**4/6 - 2*x. Let h(k) be the third derivative of s(k). What are the prime factors of h(-3)?
11
What are the prime factors of 1339/13 + 0/1?
103
Suppose -a = 4*a - 10, 2*j + 4*a - 20 = 0. Let q be j/(-1 + 0 + 3). List the prime factors of q/(-6)*2 - -6.
5
Let x(j) = j**3 + 10*j**2 - 4*j - 9. What are the prime factors of x(-4)?
103
Let f(h) = -20*h**2 + h + 1. Let w be f(-1). What are the prime factors of (-248)/w - 2/5?
2, 3
Suppose -2*n + q + 14 = 0, 3*q = -0*q - 12. What are the prime factors of n/(-1 - (-6)/4)?
2, 5
Let l(g) = g**2 - 3*g + 4. Let y be l(6). Suppose 0 = -0*z + 2*z - y. What are the prime factors of z?
11
Let k(r) = r**3 - 6*r**2 + 5*r + 8. What are the prime factors of k(5)?
2
Let f(i) = 5*i. Let d be f(10). Suppose u = -4*u + d. What are the prime factors of u?
2, 5
Let s be (21/2)/7*6. What are the prime factors of 2/6*(s - 0)?
3
Let l(b) = 45*b**2 - 6*b - 12. What are the prime factors of l(-2)?
2, 3, 5
Suppose -18*o + 13*o = -65. What are the prime factors of o?
13
Let m = -151 + 215. What are the prime factors of m?
2
What are the prime factors of (1 + -9)*1*-2?
2
Let s be (-49)/(-2) - 1/(-2). Let j = -14 + s. List the prime factors of j.
11
Suppose -17 = -4*n + 7. Let g = 15 - n. What are the prime factors of g?
3
Let t(v) be the third derivative of -v**7/5040 + v**6/144 - v**5/60 - 2*v**2. Let q(s) be the third derivative of t(s). List the prime factors of q(-4).
3
Let v(z) = -z**3 - z**2 + 3*z - 4. Let p be v(-3). Suppose 0 = d - 4*g + p, -d - 4*g = 7 - 34. List the prime factors of d.
11
Let s(i) = -i - 4. Let r be s(0). Let f = -29 - -23. List the prime factors of (-6)/r - 63/f.
2, 3
Let v be (-10)/4*16/(-10). Suppose x + b = v, x + 4*b = 2*x + 6. Suppose c + x*j - 5 = -4*c, 0 = -2*c + 3*j + 21. What are the prime factors of c?
3
Suppose 189 = -3*h - 18. List the prime factors of h/(-9) - 1/(-3).
2
Suppose -3*k - 40 = -130. Suppose l + 1 = 4*i - 1, k = 3*l - 3*i. What are the prime factors of l?
2, 7
Let t(u) = -u**2 + 6*u - 7. Let j be t(3). Suppose -j*b + 132 = 3*p + b, -112 = -3*p + b. List the prime factors of p.
3, 13
Let b(j) be the third derivative of j**7/840 - j**6/240 + j**5/20 - j**2. Let z(f) be the third derivative of b(f). What are the prime factors of z(2)?
3
Suppose 0 = -2*n - 0*n + 68. Suppose n - 90 = -4*x. What are the prime factors of x?
2, 7
Let f be ((-4 - -1) + 2)*2. Let n be f*2/4 + 5. Suppose 25 = 3*w - 0*w + 2*v, 0 = v + n. List the prime factors of w.
11
Let g = -91 - -174. What are the prime factors of g?
83
Suppose -5*b - 35 = -5*m, 0 = 4*b - 10 + 2. Let x(g) = -g**2 + 11*g + 13. List the prime factors of x(m).
31
Let w be 86/12 + 3/(-18). Suppose -5*v = -33 - w. What are the prime factors of v?
2
Let t be 2/(-11) - (-108)/(-11). List the prime factors of 1 - 5/(t/16).
3
Let t(f) = f**3 - 11*f**2 - f - 52. What are the prime factors of t(13)?
3, 7, 13
Let j be (-4)/(-2)*(-5)/(-2). Suppose 3*a - 5 = -5*g + 24, j*a - 2*g - 7 = 0. Suppose -a*w + 0*w = -21. What are the prime factors of w?
7
Let s(w) = -w**2 + w + 66. What are the prime factors of s(0)?
2, 3, 11
List the prime factors of (-2)/7 - 1791/(-21).
5, 17
Let h(z) = -3*z + 1. Let r(j) = -1. Suppose -6 = 4*p - 2. Let g(q) = p*h(q) - 3*r(q). What are the prime factors of g(3)?
11
What are the prime factors of -1*(-716)/8 + (-2)/4?
89
Let o = -6 - -10. Suppose -o*a - 4 = -5*a. Suppose 3*z = a*z - 5*c - 31, z - c = 19. List the prime factors of z.
2
Let h = 202 + -114. What are the prime factors of h?
2, 11
Let j(q) = -216*q. What are the prime factors of j(-1)?
2, 3
Let r(g) = -3*g**3 - g**2. Let l be r(-1). Suppose -l*q + 14 = 5*c, 0 = q + 3*c + 1 - 7. Suppose 3*t + b - q = 4, t = 2*b - 4. List the prime factors of t.
2
Let d = 2 - -2. Suppose l = -5, 34 = 5*v + d*l + 4. What are the prime factors of v?
2, 5
Let d be (-62)/(-3) + (-20)/30. Suppose 5*m + l = 200 - 4, 0 = -5*l - d. List the prime factors of m.
2, 5
Let p(x) = -x - 7. Let a be p(-5). Let l(u) be the first derivative of -u**4/4 - u**2 - 2. What are the prime factors of l(a)?
2, 3
Let w(k) = 0*k - 2 + k - 2 + 0. List the prime factors of w(6).
2
Let f = 0 + 2. Suppose 5*p = 4*l + 9, -l = -2*l - p + 9. Suppose -f*q = -u - 3, -l*q + 5 = -u - 4. What are the prime factors of q?
3
Let n(t) = 2*t - 5. Suppose v + 0*v - 6 = 0. What are the prime factors of n(v)?
7
Let p = 3 - -1. Let d = 6 - p. List the prime factors of d.
2
Suppose 3*i = 2*p + 916, i - 2*p + 1500 = 6*i. What are the prime factors of i?
2, 151
Let b = -5 + 15. Suppose -s - b = 3*o, -3*s - 2*o + 0 = 2. What are the prime factors of s?
2
Suppose -2*p + p + 5 = 0. Suppose 16 = -4*c, 2*l + 0*c = -p*c + 68. Let b = l + -30. What are the prime factors of b?
2, 7
List the prime factors of ((0 - -1) + -235)/((-6)/3).
3, 13
Let v(w) = -w**2 - 8*w - 2. Let g be v(-7). Suppose l - 5*x = 3*l - 41, 13 = l - g*x. Let n = -12 + l. What are the prime factors of n?
2, 3
Let y(s) = -s**3 - 8*s**2 - 4*s + 7. Let h be y(-6). Let u = -16 - h. List the prime factors of u.
5
Let o be (-2)/(-2) + 4 + -8. Let w = -1 - o. What are the prime factors of 8/(-2*(1 - w))?
2
Suppose 6*g = g + 10. Let l be (0 - g)/((-2)/18). Sup